-6)/4*2. Suppose -m + 0 = -5*z. Suppose 0 = -r - 3*r + z. Is 10 a factor of r?
False
Suppose -5*p + 306 = -174. Is p a multiple of 8?
True
Let g = 7 + 3. Suppose -23 = -2*i - r, -4*r + g = i - 2*r. Is i a multiple of 4?
True
Let w = -16 - -14. Does 12 divide 3*(w + 5 + 5)?
True
Let f be 0/1 - 115*-1. Suppose 5*v - f - 5 = 0. Is v a multiple of 7?
False
Suppose -5*f = -j - 134, -f - 4*j = 4*f - 114. Suppose 0*g - 44 = 3*g + 4*w, 4*g + 2*w = -52. Let i = f + g. Is i a multiple of 7?
True
Let d(h) = h**3 + h**2 + h. Let z be d(0). Suppose 2*r - 5*r = z. Is (-14)/(-3 + (r - -2)) a multiple of 14?
True
Suppose -4*w - 20 = 0, -y + 2*w - 4 = -3*y. Does 7 divide y?
True
Suppose -4*w - u = u - 86, 3*w + 5*u - 61 = 0. Is w a multiple of 17?
False
Let c(x) = -x**2 - 6*x + 3. Let o(i) = i + 2. Let y be o(-8). Is 2 a factor of c(y)?
False
Let l = 64 + -46. Does 15 divide l?
False
Let v be 1 + 0 + 2 + -2. Suppose v = k - 5. Does 3 divide k?
True
Let f = 36 - 33. Is f a multiple of 3?
True
Suppose 10*w - 154 = 8*w. Is w a multiple of 7?
True
Let v(c) = -c**3 - 6*c**2 + c + 8. Let l be v(-6). Suppose -4*w + 216 = -0*m - l*m, -3*w + 4*m = -167. Does 14 divide w?
False
Let v be (-107)/(-4) - 2/(-8). Let n = 17 + v. Is 22 a factor of n?
True
Suppose 0 = -j - 65 + 21. Let g = -31 - j. Is g a multiple of 13?
True
Suppose 3*n - 41 = n - 3*a, 4*n + 4*a - 84 = 0. Is n a multiple of 11?
True
Let i = 328 + -189. Is 14 a factor of i?
False
Let k be ((-8)/6)/((-4)/6). Suppose 0 = -3*f - k*f + 125. Is f a multiple of 10?
False
Suppose 0 = -4*x + 2*r - 322, x - 2*r = 3*r - 67. Let k = x + -5. Let h = k - -137. Is h a multiple of 16?
False
Suppose o = -2*g + 3, -5*o = 4*g + 2 - 17. Suppose -2*a + 4*r = -28, g*r - r = 4*a - 47. Suppose -3*k - 3*j + 18 = 0, -2*j + a = 2*k - 3*j. Does 6 divide k?
True
Let q = 32 + -18. Suppose 0*f + 3*f = 2*n - 10, 0 = -4*n + 5*f + 20. Let c = n + q. Is c a multiple of 15?
False
Let f(s) = s**2 + s + 63. Is 21 a factor of f(0)?
True
Suppose 4 = -g + 2*r, 2*g - 5*r + 16 = 6. Suppose 0 = -5*k - g*k + 40. Let p(u) = -u**2 + 10*u + 8. Is 12 a factor of p(k)?
True
Let d be (-8)/4 + (-1 - -3). Suppose 5*i = 4*h - 23, i - 4 = -4*h + 1. Suppose d - 20 = -h*j. Is 5 a factor of j?
True
Let r = -342 - -601. Is r a multiple of 7?
True
Suppose -5*n - 10 = -85. Is 8 a factor of n?
False
Does 30 divide 0 + 93 - (-9)/(-3)?
True
Suppose 3*k = -5*w + 23, 0*k - 4*w + 14 = -2*k. Does 17 divide k*((-222)/(-3) + -3)?
False
Let t(b) = b**3 + b**2 - 4*b. Is t(4) a multiple of 13?
False
Suppose -5*r + 3*r = -36. Is 6 a factor of r?
True
Let f be 10/(((-6)/(-4))/3). Let d = f - 4. Is d a multiple of 16?
True
Suppose -14 = -4*g + 5*k - 5, 0 = 5*k + 5. Let h(f) = -55*f - 2. Let q(b) = -27*b - 1. Let s(t) = -3*h(t) + 5*q(t). Is s(g) a multiple of 17?
False
Let v = -4 - -4. Let t be (-45 - 0)*98/(-21). Suppose v = s + 4*s - t. Does 21 divide s?
True
Suppose 3*c = 28 - 1. Does 13 divide (-13)/((-3 + 0)/c)?
True
Suppose 2*g + 106 = r, r - 5*r - 5*g = -359. Is r a multiple of 12?
True
Let d = 193 + 131. Is 47 a factor of d?
False
Let x(z) be the first derivative of -z**4/4 + 8*z**3/3 - 3*z**2/2 + 9*z - 1. Let t be x(8). Let n = -3 - t. Is n a multiple of 5?
False
Suppose -15 = -t - 4*t. Suppose 4*x = t*b + 21, b + 19 + 21 = 5*x. Is x a multiple of 9?
True
Suppose -7*u + 3*u = 0, -4*u = -3*d - 90. Let g be (-4)/(-2)*d/(-12). Suppose -2*v + g*h = -30, -6*v - 10 = -4*v + 5*h. Is v a multiple of 4?
False
Let l(r) = -3*r + 0*r - 3*r + 2*r + 1. Let t be l(-1). Suppose -t*n + 2 = -118. Is n a multiple of 12?
True
Let o = 9 + -7. Suppose 3*y = 4*b + 5*y - 156, -115 = -3*b - o*y. Does 13 divide b?
False
Let b(m) = -m**3 + 5*m**2 - 2*m - 3. Let v be b(4). Suppose v*n = 4*n + 18. Is n a multiple of 6?
True
Suppose 5*u - 3 = 3*q + 1, 5*u - 5*q = 0. Let m(v) = 4*v**u + 0*v**3 + v**3 + 3*v**2 + 7 + 8*v. Is 17 a factor of m(-5)?
True
Does 26 divide (-312)/(-20)*30/9?
True
Let c(p) = 2*p + 7*p - 5 + 4*p**3 + 2*p**3 - 5*p**3 - 8*p**2. Is c(7) a multiple of 4?
False
Suppose 0*q + 20 = 4*q, 5*q + 25 = 5*o. Suppose -o*u = -6*u - 228. Is 19 a factor of u?
True
Suppose -5*b = 5*g + 20 - 60, 4*b + 2*g - 26 = 0. Let h = -2 + b. Suppose -11 = h*i + 2*f - 36, -3*i - 10 = -5*f. Does 5 divide i?
True
Let m = 13 + 39. Suppose -4*z - m = -2*z. Let y = 36 + z. Is 10 a factor of y?
True
Suppose 5*x = -4*a + 431, 5*x = 4*a + 2*x - 439. Is a a multiple of 15?
False
Suppose 2 = -t - 2. Is 8 a factor of 16/3*(-6)/t?
True
Let w(z) = -z**3 + 8*z**2 - 3*z + 2. Is w(3) a multiple of 19?
True
Suppose 0 = 15*d - 3*d - 684. Is d a multiple of 19?
True
Let j be (0 - 6)*26/(-4). Suppose 0 = 4*m + 41 + 39. Let g = j + m. Is 19 a factor of g?
True
Let m(y) = -2*y - 7. Suppose -30 = 3*s + 2*s. Let o be m(s). Does 6 divide -5 + o - 46/(-2)?
False
Let y = -13 + 8. Let j(z) be the second derivative of z**4/12 + z**2 + 2*z. Is 13 a factor of j(y)?
False
Suppose 0*a = a - 10. Is a a multiple of 7?
False
Let k be -1*(4 + -2)/(-2). Suppose 3*g = -k - 5. Let q(c) = -c**3 + 2*c**2 - 2*c - 1. Is q(g) a multiple of 10?
False
Suppose -2*u + 19 = 5*p, -3*u + 4*p = 2*u + 2. Suppose -u*k + 33 = -k. Let n = -22 + k. Does 10 divide n?
False
Does 11 divide (1 - 4 - 8)*-2?
True
Let p(m) = 5*m**2 - 3*m - 3. Let j = 6 + -3. Is p(j) a multiple of 7?
False
Let u = 156 - 86. Suppose 0*w = w - u. Let h = w + -16. Does 27 divide h?
True
Let g be 3/2 + 182/4. Suppose 0 = i + d - g, -3*d + 5 = 2*d. Is i a multiple of 18?
False
Suppose -17*l - 24 = -15*l. Let y = l + 64. Is 13 a factor of y?
True
Let s(w) = -14*w**3 - 13*w**2 - 15*w - 19. Let l(d) = 5*d**3 + 4*d**2 + 5*d + 6. Let p(c) = -11*l(c) - 4*s(c). Is p(-7) a multiple of 8?
True
Let k(y) = -y**3 + 5*y**2 - 2*y - 1. Let j = 3 + 0. Let c be k(j). Suppose -5*s + c = -34. Is 6 a factor of s?
False
Suppose 4*b - 10 - 2 = 0. Let g(l) = -2*l - 2*l + 6*l - 35*l**b + 1. Does 12 divide g(-1)?
False
Let x = 88 - 181. Let n = x - -130. Is 9 a factor of n?
False
Is (-4)/(-14) - (-649)/7 a multiple of 31?
True
Let g(f) = -f**3 + 9*f**2 + 3*f + 1. Is g(7) a multiple of 23?
False
Suppose -4*h = 2*v - v + 14, -43 = -3*v + 5*h. Let w = v + 37. Is 12 a factor of w?
False
Let q be -8*18/(-4) - 4. Suppose g + q = 2*z + 3*z, -3*z = 4*g - 10. Is z a multiple of 4?
False
Suppose 3*j - 4 = 4*j, 2*j = 5*x - 28. Suppose 4*v = -r + 3*r + 60, 0 = x*r. Let n = -10 + v. Does 4 divide n?
False
Suppose 12 = 4*o + 3*d, 3*o + o = 5*d + 44. Let j = 0 + o. Is j a multiple of 6?
True
Suppose -5*d + 472 = 3*z, 3*d + 7*z = 2*z + 296. Is 23 a factor of d?
True
Suppose -r + 5*r = -28. Is 5 a factor of r/(-1) + (-6)/(-2)?
True
Let t(g) = g**2 - 4*g - 6. Let y be t(6). Suppose -q = -y + 3. Suppose 0*o - q*o = -48. Is o a multiple of 16?
True
Let y = 39 + -4. Is y a multiple of 7?
True
Suppose 2*f + 72 = -f + 4*m, -2*m - 24 = f. Let t be 3/(1/4*6). Let s = t - f. Is 13 a factor of s?
True
Let q(i) = -i**2 - 11*i - 6. Does 6 divide q(-9)?
True
Let l(x) = -4*x + 4. Let n(d) = -d**3 - 4*d**2 - 2*d + 1. Let v be n(-2). Is 16 a factor of l(v)?
True
Is -218*(-4)/8 + 0 a multiple of 5?
False
Suppose -2*x - h + 57 + 35 = 0, 4*h = 3*x - 116. Suppose -5*c + x = r, 0 = -4*r - 2*c - c + 91. Suppose r = 2*b - 53. Is b a multiple of 18?
True
Is 15 a factor of 48/120 - (-598)/5?
True
Let r(w) = w**2 - w. Let x be r(-3). Let a be x/2*1/(-2). Let q = a - -7. Is 4 a factor of q?
True
Suppose -g - 45 = -4*p, -6*p + 48 = -p - 4*g. Is p a multiple of 12?
True
Let n(h) = -20*h**2 - 2*h + 2. Let i be n(-2). Let b = 128 + i. Is b a multiple of 21?
False
Let h = 32 - 20. Suppose -2*x + h = -36. Is 16 a factor of x?
False
Let w = 14 - -9. Suppose 5*n - w = 2. Suppose -n*d = 4*c - 151, 4*d - 118 = -c - 6. Is 11 a factor of d?
False
Let d(a) = -11*a**3. Let p(b) = -b - 5. Let k be p(-4). Is d(k) a multiple of 3?
False
Is 3 a factor of -15*6/(-9) - 0?
False
Suppose 4*t - 20 = 0, 0*p - 2*t - 134 = -4*p. Is 9 a factor of p?
True
Let u = 10 - -6. Does 6 divide u?
False
Suppose 0 = 4*q + 2*z - 152, 0*q - 2*z + 112 = 3*q. Does 20 divide q?
True
Suppose -18 = -3*m - 0*m. Let z be (81/m)/(6/8). Let a = 34 - z. Does 8 divide a?
True
Let m(u) = u**2 + 6*u - 1. Is 39 a factor of m(16)?
True
Let v(a) = -a**2 - 7*a + 10. Let s be v(-8). Suppose -2*g + 42 = 3*l, 2*g - 112 = 